 (-112)/i*(0 + 114) is divided by 46.
30
Let s be 759 - 1 - 0/(2 + -3). Calculate the remainder when 1/(2 + (-3)/(1140/s)) is divided by 24.
22
Let u be (79 + -12)*(0 - -1). Let i = 103 - u. What is the remainder when i is divided by (-5)/((-1 - 2) + (-20)/(-8))?
6
Let o(j) = -2*j**3 - 2*j**2 + 10*j - 6. Calculate the remainder when 312 is divided by o(-5).
24
Let i(u) = u**3 + 7*u**2 + 4*u. Let a be i(-6). Let o = 9 - -136. What is the remainder when o is divided by 8/a + (-109)/(-3)?
34
Suppose 35 = 9*f - 10. Let x(n) = 3*n - 32 - n**3 + 10*n**2 + 1 + f*n**2. What is the remainder when 39 is divided by x(15)?
11
Let j(k) = -k**3 + 4*k**2 + k - 1. What is the remainder when (20/6)/((-38)/(-1767)) + 13 is divided by j(2)?
6
Let y(k) be the second derivative of -1/3*k**3 - 1/2*k**2 + 2*k + 0. Calculate the remainder when 81 is divided by y(-11).
18
Let k(d) = -d**3 - 29*d**2 + 31*d + 28. Let v be k(-30). What is the remainder when -111*(v/6)/(1/3) is divided by (-2)/(-5) + 752/20?
35
Calculate the remainder when 0/1 + (108 - 1) is divided by (((-6)/(-5))/(-1))/(-7 - (-19482)/2805).
19
Suppose 36 = 12*c - 96. Suppose c = -300*l + 301*l. What is the remainder when 3/6*(211 - -7) is divided by l?
10
Suppose -3*d + t + 6 = -0*d, -t = 0. Suppose 2*z + 0*s + 5*s = 105, 5*z = -d*s + 210. Calculate the remainder when z is divided by 21.
19
Let y = -36686 - -37666. Calculate the remainder when y is divided by 62.
50
Suppose -z = -3*t + 526, 2669 = -z - 4*z + 2*t. Let d = z + 540. What is the remainder when 163 is divided by d?
3
Let n(d) = -3*d**2 + 11*d - 4. Let r be n(3). Suppose 8*t - 114 = r*t. What is the remainder when 69 - (-5)/((-15)/(-9)) is divided by t?
15
Suppose -3*n + d + 308 = 0, -4*d + 6*d + 414 = 4*n. What is the remainder when n is divided by 25?
1
Suppose -c - 56*o = -58*o - 22, c - 36 = -5*o. Calculate the remainder when 1789 is divided by c.
21
Suppose -574 + 194 = -10*m. What is the remainder when 57 is divided by ((-6)/8)/(m/(-304))?
3
Suppose -2*n = 5*p - 138, 0 = -5*n - 2*p - 3*p + 345. Calculate the remainder when 2*n/(-10)*(-40)/12 is divided by 11.
2
Suppose 4369*i - 1824 = 4357*i. What is the remainder when 2277 is divided by i?
149
Suppose 122835 = 65*r - 267360. Calculate the remainder when r is divided by 182.
179
Let r be (-1)/6 + 21223/114. Suppose 40*x = 906 - r. Suppose -w - 1 + 6 = 0. What is the remainder when x is divided by w?
3
Suppose 10*z + 66 = 4*v + 12*z, 9 = 3*z. What is the remainder when 329 is divided by v?
14
Suppose -5055 = 23*m - 63912. What is the remainder when m is divided by 128?
127
Let y = 761 - -44. Suppose 2*d = -2*i + 330, -4*d + 5*i = d - y. Let r = 47 + -36. What is the remainder when d is divided by r?
9
Suppose -3*g + 4*n - 8 = -4*g, 20 = g - 2*n. Suppose -6*u = u + 1841. Let p = u - -291. Calculate the remainder when p is divided by g.
12
Suppose -5*o = -0*g + 5*g, -4*o = -3*g - 14. Suppose -5*k - 295 = -5*j, -97 = 5*k + o*j + 191. Let s = 107 + k. What is the remainder when s is divided by 25?
24
Let j(o) = o**2 + o - 25. Suppose -88*q + 89*q + 11 = 0. What is the remainder when j(q) is divided by (-5)/2*92/(-10)?
16
Let m = 775 - 410. Let i(g) = g**3 + 54*g**2 + 19*g - 1779. Calculate the remainder when m is divided by i(-53).
20
Let r = 4164 + -4152. What is the remainder when 767 is divided by r?
11
Let m = 129 + -83. Suppose -10*f = 2*j - 14*f - m, 0 = -2*j - f + 21. Let n(h) = 8*h**2 + 3*h - 1. Calculate the remainder when n(2) is divided by j.
11
Let x(o) = 72*o**2 - 116*o + 3. What is the remainder when x(-2) is divided by 21?
19
Let p(k) = -k**3 + 26*k**2 - 26*k + 29. Let x be p(25). Suppose -s + n = -x*n + 14, 3*n = 3*s - 18. What is the remainder when s is divided by 5?
1
Suppose -95 = -8*g + 3*g - 3*u, -3*g = -u - 57. Suppose -b - 118 - 21 = 0. Let l = b - -232. Calculate the remainder when l is divided by g.
17
Let c = 314 + -264. What is the remainder when 499 is divided by c + -1 + (5 - 4)?
49
Let i(y) = -6*y + y**2 + 2*y + y**2 + 2 + y**3 + y. Let z be i(-3). Suppose z*n - 100 = -2*n. What is the remainder when 49 is divided by n?
24
Suppose 0 = 3*w - 6*w + 4*c + 173, -5*w + 336 = -3*c. Suppose -2*i = -i - 4*r - 445, 1335 = 3*i + 4*r. Calculate the remainder when i is divided by w.
70
Suppose 16*x = 12*x + 432. Suppose 110*g - x*g - 166 = 0. Calculate the remainder when g is divided by 29.
25
Suppose -t = -0*t + 2, 2*t = 2*c - 304. Let x = -122 - -127. What is the remainder when 108 is divided by (-3)/(-5) + x/(c/642)?
20
Calculate the remainder when 607 is divided by ((1 + 233)/((-705)/94))/((-2)/10).
139
Let m(r) = 479*r + 5556. Calculate the remainder when 2496 is divided by m(-9).
6
Suppose 2*m + 2*m = -116. Let q = -11 - m. Calculate the remainder when ((-99)/(-6))/(3/6) is divided by q.
15
What is the remainder when 615 is divided by 10/20*(3 - 10)*-8?
27
Suppose 0 = 19*k + 51 + 348. Calculate the remainder when 62/(-14) + 4 - 240/k is divided by 1 + (-1 + 5)*1.
1
Let w(g) = g**2 + g + 7. Suppose 2 = -4*x + 5*m, -4 = 3*x + x - 4*m. Calculate the remainder when ((-14)/7)/(x/24) is divided by w(0).
2
Let b be -2 + 4/8*10. Suppose 0 = 5*r - 4*o - 226, -b*r - 4*o + 50 = -2*r. Calculate the remainder when r is divided by 10.
6
Let o be (-2*(-3)/(-9))/((-4)/24). Suppose -o*p = j - 104, 3*p + p = 20. Calculate the remainder when j is divided by 17.
16
What is the remainder when 1971 is divided by (-39 + 36 - -7)*-1*(-14)/4?
11
Suppose 0 = 6045*g - 6007*g - 1064. Calculate the remainder when (0 + (-1)/(-1))*52 is divided by g.
24
Let a be -12*(2 + 21/(-9)). Let b(z) = -11*z + 38. Let f(q) = -34*q + 114. Let p(c) = a*f(c) - 11*b(c). Calculate the remainder when p(-17) is divided by 42.
41
Calculate the remainder when 152 is divided by 33 + -4 - (-4)/1.
20
Suppose -8*z - 78*z + 17986 + 10910 = 0. Calculate the remainder when 345 is divided by z.
9
Let f = -204 + 213. Calculate the remainder when f*8/(-24) - -32 is divided by (-2 + -1)*10/(-3).
9
Let z(k) = -17*k**2 - 325*k - 5. Calculate the remainder when (-1 - 2)*(-164)/3 is divided by z(-19).
32
Let y(p) = -p**2 - 6*p + 5 - 14 - 18 + 29*p - 14. Suppose -r + 2*r = 23. Calculate the remainder when y(10) is divided by r.
20
Let m be 3/((-2)/3 - (-1503)/2376). Let g = -53 - m. What is the remainder when 67 is divided by g?
32
Suppose 13*b - 112 = -3*b. What is the remainder when (-1413)/(-24) + (-20)/(-160) is divided by b?
3
Let c = -49 - -72. Suppose 92*h + 8*h = -103*h + 4466. What is the remainder when c is divided by h?
1
Let m(u) = 3*u. Let w(c) = c**2 - 8*c - 8. Let r be w(9). Suppose 115*o - 118*o + 23 = -p, 12 = 3*p. What is the remainder when o is divided by m(r)?
0
Let a = 4714 - 4680. Calculate the remainder when 121 is divided by a.
19
Let l be (-257)/5 + ((-3)/5 - -1). Let r = -20 - -17. What is the remainder when (0 + l/r)*2 is divided by 10?
4
Suppose -15 = -2*l - l, -2*a + l + 449 = 0. Calculate the remainder when a is divided by 72.
11
Let b(k) = -30*k + 30. Let i(c) = 2*c**3 - 9*c**2 - 7*c + 5. Suppose 15*r = 11*r + 20. Let t be i(r). What is the remainder when b(t) is divided by 46?
42
Suppose -20*l + 2324 - 104 = 0. What is the remainder when 249 is divided by l?
27
Let x = 147 - 124. Suppose 236*u - 328 = 228*u. What is the remainder when u is divided by x?
18
Suppose 0 = 8*i - 9*i + 4*p + 37, 75 = 3*i - 3*p. Suppose -3*n - s = -5*n + i, 2*s + 51 = 5*n. Calculate the remainder when 33 is divided by n.
6
Let c(u) be the third derivative of -43*u**4/4 + 13*u**3 + 3*u**2 - 78*u. Calculate the remainder when c(-4) is divided by 21.
18
Calculate the remainder when (714/(-1))/(((-39)/13)/1) is divided by 80.
78
Let l = -2 - -78. Let t = -26497 + 26795. What is the remainder when t is divided by l?
70
Suppose -71025 = -12*v + 11363 - 17456. What is the remainder when v is divided by 11?
10
Suppose -3*a - 2 = 2*c - 75, -c + 4*a + 20 = 0. What is the remainder when 122 is divided by c?
26
Suppose 3*b + 0*b - 199 = 4*p, -3*b - p + 194 = 0. What is the remainder when 1104 is divided by b?
64
Suppose -f - 3*f + 18 = b, -5*f = 4*b - 17. Let s(o) = -o**2 + 16*o + 24. What is the remainder when s(16) is divided by f?
4
Suppose 10 = -3*h + 130. Suppose 116*b + 36 = 114*b. Let n = h + b. What is the remainder when 62 